tor of 25064?
False
Is 6 a factor of 3362?
False
Is 8 a factor of 800?
True
Is 18807 a multiple of 79?
False
Is 17220 a multiple of 35?
True
Is 16 a factor of 4205?
False
Is 73 a multiple of 73?
True
Is 121 a multiple of 26?
False
Is 32076 a multiple of 162?
True
Is 13 a factor of 14881?
False
Is 9612 a multiple of 27?
True
Does 49 divide 56644?
True
Does 40 divide 6467?
False
Is 14 a factor of 420?
True
Is 15387 a multiple of 76?
False
Is 131 a multiple of 11?
False
Is 40 a factor of 920?
True
Is 265 a multiple of 8?
False
Is 22 a factor of 484?
True
Does 8 divide 16392?
True
Is 8 a factor of 130?
False
Does 4 divide 15444?
True
Is 6 a factor of 378?
True
Is 16 a factor of 160?
True
Is 151 a multiple of 6?
False
Is 5852 a multiple of 19?
True
Is 1901 a multiple of 13?
False
Is 31 a factor of 496?
True
Does 12 divide 1176?
True
Is 20 a factor of 51160?
True
Does 16 divide 9558?
False
Does 8 divide 208?
True
Is 168 a multiple of 14?
True
Does 35 divide 7455?
True
Is 102 a factor of 768?
False
Does 6 divide 276?
True
Is 15 a factor of 11700?
True
Does 75 divide 445?
False
Is 4 a factor of 304?
True
Is 9767 a multiple of 21?
False
Is 163872 a multiple of 13?
False
Is 658 a multiple of 7?
True
Does 91 divide 5733?
True
Is 41 a factor of 660?
False
Is 4 a factor of 10848?
True
Is 19089 a multiple of 27?
True
Does 12 divide 10467?
False
Is 43044 a multiple of 18?
False
Does 4 divide 6694?
False
Does 137 divide 8905?
True
Does 25 divide 7750?
True
Does 7 divide 4354?
True
Is 8580 a multiple of 11?
True
Is 3997 a multiple of 7?
True
Does 35 divide 665?
True
Is 8 a factor of 274?
False
Is 24 a factor of 4608?
True
Is 8 a factor of 8?
True
Is 1920 a multiple of 20?
True
Is 49 a factor of 901?
False
Is 7062 a multiple of 321?
True
Is 520 a multiple of 10?
True
Is 114 a multiple of 38?
True
Is 277 a factor of 6371?
True
Does 183 divide 6262?
False
Does 10 divide 658?
False
Is 8450 a multiple of 8?
False
Does 16 divide 208?
True
Does 83 divide 32370?
True
Does 13 divide 268?
False
Is 35 a factor of 1540?
True
Does 24 divide 384?
True
Is 4 a factor of 728?
True
Is 5 a factor of 87?
False
Is 10001 a multiple of 40?
False
Is 14 a factor of 504?
True
Does 170 divide 27710?
True
Does 18 divide 2747?
False
Is 37254 a multiple of 21?
True
Is 11 a factor of 762?
False
Is 623 a multiple of 78?
False
Is 8089 a multiple of 33?
False
Is 27 a factor of 4545?
False
Is 54 a factor of 16324?
False
Is 12966 a multiple of 202?
False
Is 16655 a multiple of 172?
False
Is 67 a factor of 67?
True
Is 14011 a multiple of 7?
False
Does 361 divide 44764?
True
Is 86 a factor of 12351?
False
Does 53 divide 44210?
False
Is 34 a factor of 8577?
False
Does 88 divide 16808?
True
Does 4 divide 155?
False
Is 20 a factor of 1604?
False
Is 3 a factor of 281?
False
Does 327 divide 14114?
False
Is 8018 a multiple of 19?
True
Is 14976 a multiple of 13?
True
Is 4090 a multiple of 71?
False
Is 29 a factor of 441?
False
Is 4209 a multiple of 23?
True
Is 82308 a multiple of 12?
True
Is 2088 a multiple of 12?
True
Is 268 a multiple of 3?
False
Is 230 a factor of 26552?
False
Does 89 divide 4657?
False
Is 2982 a multiple of 21?
True
Does 11 divide 418?
True
Is 21658 a multiple of 182?
True
Does 6 divide 3144?
True
Is 7 a factor of 814?
False
Is 22466 a multiple of 51?
False
Is 3 a factor of 1808?
False
Is 54480 a multiple of 16?
True
Is 5430 a multiple of 44?
False
Is 5 a factor of 580?
True
Is 37587 a multiple of 201?
True
Does 2 divide 98?
True
Is 321 a multiple of 28?
False
Is 184 a factor of 5487?
False
Is 294 a multiple of 6?
True
Does 39 divide 3919?
False
Does 69 divide 1121?
False
Is 1081 even?
False
Is 15 a factor of 552?
False
Is 5432 a multiple of 97?
True
Is 7 a factor of 3654?
True
Does 110 divide 1540?
True
Is 15 a factor of 405?
True
Is 33 a factor of 533?
False
Is 89 a factor of 23496?
True
Is 263 even?
False
Is 5803 a multiple of 10?
False
Is 3 a factor of 42?
True
Is 49 a multiple of 7?
True
Is 3354 a multiple of 13?
True
Is 8235 a multiple of 183?
True
Is 26 a factor of 416?
True
Is 64097 a multiple of 19?
False
Does 42 divide 201474?
True
Is 3 a factor of 531?
True
Is 16029 a multiple of 7?
False
Does 2 divide 259?
False
Is 13 a factor of 8177?
True
Is 5 a factor of 136?
False
Is 86 a factor of 92364?
True
Is 222 a factor of 36418?
False
Is 80 a factor of 240?
True
Is 63 a factor of 1810?
False
Is 1133 a multiple of 15?
False
Does 344 divide 25112?
True
Does 26 divide 24732?
False
Does 38 divide 5597?
False
Is 57 a factor of 3029?
False
Is 53915 a multiple of 19?
False
Is 40 a factor of 200?
True
Does 50 divide 8660?
False
Does 3 divide 14?
False
Is 194 a factor of 28269?
False
Does 17 divide 931?
False
Is 39060 a multiple of 42?
True
Does 32 divide 361?
False
Is 31551 a multiple of 13?
True
Is 15 a factor of 2929?
False
Is 27 a factor of 1369?
False
Is 21 a factor of 630?
True
Does 44 divide 1804?
True
Does 11 divide 2398?
True
Does 126 divide 3363?
False
Is 2870 a multiple of 39?
False
Is 18 a factor of 738?
True
Is 4160 a multiple of 64?
True
Is 11752 a multiple of 52?
True
Is 20 a factor of 540?
True
Is 8254 a multiple of 21?
False
Is 70 a factor of 28983?
False
Does 4 divide 88?
True
Does 33 divide 16477?
False
Is 59 a factor of 2610?
False
Does 8 divide 7992?
True
Is 50 a factor of 4790?
False
Is 16 a factor of 327?
False
Is 18 a factor of 1069?
False
Is 1854 a multiple of 14?
False
Is 666 a multiple of 18?
True
Is 11 a factor of 198?
True
Is 6 a factor of 288?
True
Does 5 divide 25?
True
Is 26085 a multiple of 15?
True
Is 234 a multiple of 13?
True
Does 19 divide 16805?
False
Is 49 a factor of 2197?
False
Is 6885 a multiple of 85?
True
Is 24 a factor of 6501?
False
Is 15846 a multiple of 278?
True
Is 40 a factor of 34800?
True
Is 596 a multiple of 33?
False
Is 5910 a multiple of 51?
False
Is 20 a factor of 512?
False
Is 10 a factor of 110?
True
Is 47 a factor of 58092?
True
Is 11591 a multiple of 4?
False
Is 78 a factor of 234?
True
Is 11136 a multiple of 58?
True
Is 131 a factor of 31123?
False
Does 9 divide 3402?
True
Is 11 a factor of 209?
True
Is 540 a multiple of 3?
True
Is 351 a multiple of 4?
False
Is 48 a factor of 8921?
False
Is 9 a factor of 358?
False
Is 35 a factor of 525?
True
Is 17752 a multiple of 14?
True
Does 14 divide 700?
True
Is 107 a factor of 642?
True
Is 14 a factor of 1246?
True
Is 7 a factor of 156?
False
Is 320 a factor of 54557?
False
Is 8652 a multiple of 42?
True
Is 133 a factor of 3720?
False
Does 59 divide 1264?
False
Is 6848 a multiple of 16?
True
Is 37 a factor of 666?
True
Does 12 divide 733?
False
Is 12 a factor of 16553?
False
Does 92 divide 5288?
False
Is 6312 a multiple of 43?
False
Does 64 divide 25088?
True
Does 35 divide 99829?
False
Does 4 divide 2107?
False
Does 27 divide 4482?
True
Is 95 a factor of 10871?
False
Is 11 a factor of 14912?
False
Does 50 divide 700?
True
Is 13365 a multiple of 165?
True
Is 22 a factor of 3874?
False
Is 240 a multiple of 3?
True
Is 132 a factor of 3300?
True
Is 147 a multiple of 21?
True
Is 876 a multiple of 9?
False
Is 900 a multiple of 25?
True
Is 13 a factor of 3627?
True
Is 1240 a multiple of 31?
True
Is 8436 a multiple of 37?
True
Does 13 divide 455?
True
Is 6 a factor of 246?
True
Is 16 a factor of 3322?
False
Does 2 divide 41?
False
Does 4 divide 594?
False
Does 15 divide 3990?
True
Does 14 divide 793?
False
Is 8 a factor of 17128?
True
Is 2022 a multiple of 35?
False
Is 63509 a multiple of 26?
False
Does 2 divide 123?
False
Is 52 a factor of 1190?
False
Does 23 divide 34988?
False
Does 14 divide 7416?
False
Is 210 a multiple of 42?
True
Is 37214 a multiple of 142?
False
Is 24 a factor of 6528?
True
Is 48083 a multiple of 10?
False
Is 1482 a multiple of 13?
True
Does 59 divide 118?
True
Is 11 a factor of 4380?
False
Is 14364 a multiple of 27?
True
Is 38904 a multiple of 61?
False
Does 43 divide 1462?
True
Does 22 divide 86?
False
Does 18 divide 1857?
False
Is 29 a factor of 741?
False
Does 43 divide 1173?
False
Is 5 a factor of 5815?
True
Does 3 divide 631?
False
Is 11408 a multiple of 62?
True
Is 8628 a multiple of 23?
False
Is 146 a multiple of 2?
True
Is 2866 a multiple of 37?
False
Is 5494 a multiple of 67?
True
Does 11 divide 13525?
False
Is 770 a multiple of 35?
True
Is 7078 a multipl